is the remainder when 57 is divided by 31?
26
What is the remainder when 257 is divided by 38?
29
What is the remainder when 88 is divided by 6?
4
What is the remainder when 1942 is divided by 65?
57
What is the remainder when 365 is divided by 34?
25
Calculate the remainder when 94 is divided by 12.
10
Calculate the remainder when 217 is divided by 20.
17
Calculate the remainder when 4642 is divided by 212.
190
Calculate the remainder when 341 is divided by 32.
21
What is the remainder when 82 is divided by 30?
22
Calculate the remainder when 2794 is divided by 33.
22
Calculate the remainder when 65 is divided by 28.
9
Calculate the remainder when 29 is divided by 24.
5
What is the remainder when 417 is divided by 106?
99
What is the remainder when 2909 is divided by 2896?
13
What is the remainder when 466 is divided by 9?
7
What is the remainder when 441 is divided by 6?
3
What is the remainder when 1216 is divided by 22?
6
What is the remainder when 334 is divided by 92?
58
Calculate the remainder when 958 is divided by 141.
112
Calculate the remainder when 287 is divided by 75.
62
Calculate the remainder when 431 is divided by 153.
125
Calculate the remainder when 834 is divided by 96.
66
What is the remainder when 57 is divided by 16?
9
What is the remainder when 515 is divided by 20?
15
Calculate the remainder when 105 is divided by 23.
13
Calculate the remainder when 2385 is divided by 1189.
7
What is the remainder when 691 is divided by 33?
31
Calculate the remainder when 18 is divided by 11.
7
Calculate the remainder when 173 is divided by 44.
41
Calculate the remainder when 5434 is divided by 1811.
1
Calculate the remainder when 3318 is divided by 41.
38
What is the remainder when 14150 is divided by 232?
230
What is the remainder when 244 is divided by 35?
34
Calculate the remainder when 260 is divided by 54.
44
What is the remainder when 1234 is divided by 312?
298
What is the remainder when 20079 is divided by 251?
250
What is the remainder when 220 is divided by 21?
10
What is the remainder when 3607 is divided by 41?
40
What is the remainder when 443 is divided by 46?
29
Calculate the remainder when 1296 is divided by 143.
9
Calculate the remainder when 442 is divided by 2.
0
What is the remainder when 158 is divided by 83?
75
What is the remainder when 2515 is divided by 34?
33
Calculate the remainder when 199 is divided by 53.
40
What is the remainder when 1245 is divided by 89?
88
What is the remainder when 3095 is divided by 12?
11
What is the remainder when 126 is divided by 47?
32
Calculate the remainder when 6466 is divided by 223.
222
What is the remainder when 609 is divided by 88?
81
Calculate the remainder when 2633 is divided by 20.
13
What is the remainder when 811 is divided by 11?
8
Calculate the remainder when 677 is divided by 16.
5
What is the remainder when 143 is divided by 72?
71
Calculate the remainder when 380 is divided by 28.
16
What is the remainder when 3533 is divided by 19?
18
Calculate the remainder when 1434 is divided by 294.
258
What is the remainder when 378 is divided by 125?
3
What is the remainder when 3168 is divided by 48?
0
Calculate the remainder when 126 is divided by 56.
14
Calculate the remainder when 90 is divided by 24.
18
What is the remainder when 10290 is divided by 18?
12
What is the remainder when 182 is divided by 37?
34
What is the remainder when 236 is divided by 89?
58
Calculate the remainder when 14390 is divided by 117.
116
Calculate the remainder when 112 is divided by 24.
16
What is the remainder when 125 is divided by 77?
48
What is the remainder when 682 is divided by 651?
31
Calculate the remainder when 2994 is divided by 25.
19
Calculate the remainder when 365 is divided by 8.
5
What is the remainder when 193 is divided by 13?
11
Calculate the remainder when 1367 is divided by 225.
17
What is the remainder when 1546 is divided by 143?
116
What is the remainder when 282 is divided by 137?
8
Calculate the remainder when 86 is divided by 16.
6
What is the remainder when 217 is divided by 112?
105
What is the remainder when 200 is divided by 14?
4
Calculate the remainder when 14 is divided by 2.
0
What is the remainder when 474 is divided by 80?
74
What is the remainder when 3264 is divided by 132?
96
Calculate the remainder when 267 is divided by 77.
36
Calculate the remainder when 460 is divided by 58.
54
Calculate the remainder when 221 is divided by 75.
71
What is the remainder when 18052 is divided by 17?
15
What is the remainder when 242 is divided by 57?
14
Calculate the remainder when 886 is divided by 5.
1
What is the remainder when 7312 is divided by 23?
21
What is the remainder when 363 is divided by 28?
27
Calculate the remainder when 1908 is divided by 240.
228
Calculate the remainder when 1855 is divided by 29.
28
What is the remainder when 431 is divided by 24?
23
What is the remainder when 55 is divided by 23?
9
Calculate the remainder when 6797 is divided by 566.
5
What is the remainder when 227 is divided by 43?
12
What is the remainder when 238 is divided by 121?
117
Calculate the remainder when 8 is divided by 4.
0
What is the remainder when 1312 is divided by 189?
178
Calculate the remainder when 29 is divided by 4.
1
Calculate the remainder when 499 is divided by 324.
175
Calculate the remainder when 517 is divided by 26.
23
What is the remainder when 1218 is divided by 10?
8
What is the remainder when 1028 is divided by 20?
8
Calculate the remainder when 36652 is divided by 79.
75
Calculate the remainder when 1040 is divided by 12.
8
Calculate the remainder when 2613 is divided by 19.
10
Calculate the remainder when 372 is divided by 97.
81
Calculate the remainder when 419 is divided by 35.
34
What is the remainder when 321 is divided by 21?
6
Calculate the remainder when 536 is divided by 33.
8
Calculate the remainder when 892 is divided by 21.
10
What is the remainder when 3014 is divided by 116?
114
Calculate the remainder when 43 is divided by 4.
3
What is the remainder when 333 is divided by 14?
11
What is the remainder when 334 is divided by 17?
11
What is the remainder when 297 is divided by 143?
11
Calculate the remainder when 32959 is divided by 277.
273
Calculate the remainder when 373 is divided by 121.
10
What is the remainder when 727 is divided by 17?
13
What is the remainder when 233 is divided by 91?
51
Calculate the remainder when 2815 is divided by 6.
1
What is the remainder when 13162 is divided by 231?
226
What is the remainder when 786 is divided by 93?
42
What is the remainder when 21105 is divided by 12?
9
Calculate the remainder when 105 is divided by 32.
9
What is the remainder when 310 is divided by 133?
44
Calculate the remainder when 376 is divided by 51.
19
What is the remainder when 50 is divided by 9?
5
What is the remainder when 566 is divided by 38?
34
Calculate the remainder when 2857 is divided by 52.
49
What is the remainder when 50 is divided by 17?
16
What is the remainder when 17 is divided by 4?
1
What is the remainder when 34769 is divided by 109?
107
Calculate the remainder when 782 is divided by 56.
54
What is the remainder when 515 is divided by 156?
47
Calculate the remainder when 1619 is divided by 323.
4
What is the remainder when 356 is divided by 8?
4
What is the remainder when 1241 is divided by 252?
233
What is the remainder when 76 is divided by 26?
24
Calculate the remainder when 119 is divided by 40.
39
What is the remainder when 3177 is divided by 29?
16
What is the remainder when 1324 is divided by 102?
100
Calculate the remainder when 12953 is divided by 34.
33
Calculate the remainder when 1476 is divided by 51.
48
Calculate the remainder when 674 is divided by 142.
106
Calculate the remainder when 1330 is divided by 291.
166
What is the remainder when 216 is divided by 45?
36
Calculate the remainder when 629 is divided by 14.
13
Calculate the remainder when 192 is divided by 49.
45
What is the remainder when 859 is divided by 144?
139
What is the remainder when 171 is divided by 43?
42
What is the remainder when 105 is divided by 54?
51
What is the remainder when 98 is divided by 26?
20
What is the remainder when 338 is divided by 34?
32
What is the remainder when 813 is divided by 256?